ppose -6*d = 3*d - 297. What is the remainder when 131 is divided by d?
32
Let f be ((-3)/5)/((-4)/20). Let w(z) = -z**3 - 2*z**2 + z - 5. Let u be w(-4). Suppose -f*s = -4*s + u. What is the remainder when s is divided by 8?
7
Let s = 7 + -4. Calculate the remainder when 58 - (-1)/(-2 + s) is divided by 15.
14
Let m(a) = a. Let x = -7 + 25. What is the remainder when x is divided by m(5)?
3
Let d(u) = u**2 + 8*u + 10. Let n be d(-8). Suppose -4*s - 5*z + 46 = -n*z, 40 = 3*s - z. Calculate the remainder when s is divided by 8.
6
Let g = -7 + 19. Let l = 0 - -2. Suppose -l*y - 4 = -18. What is the remainder when g is divided by y?
5
Let m(y) = -53*y + 5. Let i be m(4). Let k = i - -300. Suppose 5*u = 2*g + 2*g + k, 2*u - 3*g - 40 = 0. Calculate the remainder when u is divided by 9.
8
What is the remainder when 1 + 20/6*72/40 is divided by 4?
3
Suppose -5 = -4*f + 3*y, 5*f + 0 - 6 = 4*y. Let w = -15 - -33. Calculate the remainder when 2 + f + (w - 0) is divided by 12.
10
Let f be (-9)/3 - -65 - 2. Suppose -4*m = -9*m + f. Calculate the remainder when 45 is divided by m.
9
Suppose y = 2*f - 5, 3*y + 2*y + 4*f - 31 = 0. Let d(a) = -2*a**3 + 4*a + 4*a**2 - a + a**y. What is the remainder when 23 is divided by d(4)?
11
Let a(d) = 11*d + 5. Let s be a(4). Let j = 114 - s. Calculate the remainder when j is divided by 17.
14
Let y(f) = f + 5. Let u(d) = -d - 5. Let m(b) = -4*u(b) - 5*y(b). Let h be m(-7). Suppose -h*g + 3 + 15 = 0. What is the remainder when 17 is divided by g?
8
Let k = -81 + 84. Calculate the remainder when 17 is divided by k.
2
Suppose -4*x - 36 = -4*s, 3*s - 5*x = -0*x + 23. Calculate the remainder when s is divided by 7.
4
Suppose 2*k - k - 14 = 0. Let v(i) be the first derivative of -i**4/4 + 3*i**3 - 7*i**2/2 - 3*i - 2. Calculate the remainder when k is divided by v(8).
4
Suppose -6*u = -u + 2*x - 139, -u + x = -32. What is the remainder when u is divided by 16?
13
Let m(p) be the second derivative of -1/3*p**3 + 5/2*p**2 + 3*p + 0. Calculate the remainder when m(-6) is divided by 9.
8
Let t(m) = -m**3 + 4*m**2 + 4*m. Let b be t(5). Let c(j) = 2*j**2 + 5*j + 7. What is the remainder when c(b) is divided by 11?
10
Let q be ((-2)/(-4))/((-5)/(-60)). Let y be (94/(-3))/((-4)/q). Suppose -d - y = -3*a + 4*d, -4*d + 24 = 2*a. Calculate the remainder when a is divided by 5.
4
Let r be (-15)/2*(-20)/6. Suppose -3*m + 2*l = -r, -2*m - l - l + 10 = 0. Let g(j) = 12*j**2 + 1. What is the remainder when g(1) is divided by m?
6
Let i(o) = 3*o - 14. What is the remainder when 75 is divided by i(10)?
11
Suppose 0*t = 3*t - 4*h - 98, -t + 4*h + 46 = 0. What is the remainder when 101 is divided by t?
23
Suppose 0 = -3*r + 2*r + 4. Suppose 5*y + i = 58, 5 = -y - 3*i + 25. Suppose 2*x - 1 = y. Calculate the remainder when x is divided by r.
2
Suppose 5*s - 67 - 18 = 0. What is the remainder when 31 is divided by s?
14
Suppose 7*b - 117 = 4*b. Calculate the remainder when b is divided by 22.
17
Let j(d) = 15*d + 3. Let v(g) = 2*g + 4. Let n be v(-5). Let u(t) = 14*t + 3. Let b(m) = n*u(m) + 5*j(m). What is the remainder when 70 is divided by b(-3)?
22
Suppose -2*n - 4 = 4. Suppose -g - 4*d + 39 = -0*d, 118 = 4*g - 3*d. Calculate the remainder when g is divided by (-3)/(-6) + (-30)/n.
7
Let u = 17 + -8. Let y(a) = a**3 - 7*a**2 - 14*a + 9. What is the remainder when y(u) is divided by 16?
13
Let f(y) = 4*y + 10. Calculate the remainder when f(7) is divided by 20.
18
Let q(k) = -k + 8. Let i be q(7). Suppose 0 = u + i - 5. Suppose 9*s - u*s = 20. Calculate the remainder when 6 is divided by s.
2
Let u = 12 - 12. Suppose -52 = -3*t - w - u*w, -4*t - 4*w + 72 = 0. Calculate the remainder when 31 is divided by t.
14
Let k(m) = 3*m + 15. Let w(i) = -2*i - 14. Let a(g) = 4*k(g) + 5*w(g). Suppose -d + 75 = 4*d. Calculate the remainder when d is divided by a(9).
7
Let t be (5 - 7)/(6/(-15)). Suppose 5*q = a - 3, -8 = -5*a + t*q + 27. Let i = 44 - 21. Calculate the remainder when i is divided by a.
7
Let d = -26 + 15. Let n = -7 - d. Suppose 5 = g - n. What is the remainder when 16 is divided by g?
7
Suppose 3*x = 2*o + 211, -3*x - 109 = -5*x - 5*o. What is the remainder when x is divided by 14?
11
Suppose 7 + 5 = z. Let r = -60 + 90. Suppose 3*b + 3*y - r = 84, 2*b = 2*y + 64. What is the remainder when b is divided by z?
11
Suppose 3*s + 3 + 12 = 0. Let k = s + 24. Calculate the remainder when 56 is divided by k.
18
Suppose 0*c = 3*c + k - 61, -20 = -5*k. What is the remainder when 53 is divided by c?
15
Suppose -5*r = -0*r + 75. Let o = r - -27. Let n = -16 + 50. What is the remainder when n is divided by o?
10
Let v = 5 + -2. Suppose -5*w + 2*o = -61, -4*w + 48 = -w - 5*o. Let z = w - 7. What is the remainder when z is divided by v?
1
Let m(u) = u**3 - u**2 - u - 10. Let f be m(0). Let s = f + 14. Calculate the remainder when (-3)/9 + (-57)/(-9) is divided by s.
2
Suppose -4*x = -0*j - 2*j - 40, -j + 4*x - 28 = 0. Let n = -7 - j. What is the remainder when 14 is divided by n?
4
Suppose 73 = 5*u + 2*q, 0 = -3*u - q - 0*q + 44. What is the remainder when 72 is divided by u?
12
Suppose -3*g - 366 = -2*z, -6 + 202 = z + 5*g. Calculate the remainder when z is divided by 64.
58
Let z = 54 + -27. Calculate the remainder when 51 is divided by z.
24
Let w = -10 + 16. Suppose 5*s - 43 = -3*y, -2*y - 4*s = 3*y - 76. What is the remainder when y is divided by w?
4
Let f = 39 + 9. Suppose n = 2*j + f, 6*n - 4*n - j - 84 = 0. What is the remainder when n is divided by 21?
19
Let m(l) = -l**2 + 9*l - 5. Suppose 0*g - 24 = -3*g. Calculate the remainder when m(4) is divided by g.
7
Let g(p) = -p**2 + 6*p. Let z be g(6). Suppose z = c - 5*c + 228. Let a(q) = q**2 - q + 3. Calculate the remainder when c is divided by a(4).
12
Suppose -2*l - 40 = -6*l. Let i = -4 + 4. Suppose d - 2*t - 29 = i, 4*d + t - 116 = 4*t. Calculate the remainder when d is divided by l.
9
Suppose -102 = -5*f + 3*f. Calculate the remainder when f is divided by 14.
9
Let p(z) = -z**3 + 7*z**2 + 3. Let q be 16 + 2*(1 + -2). Calculate the remainder when (-7)/(q/(-16))*1 is divided by p(7).
2
Suppose 4*p - 17 = -v, -v = -6*p + p - 62. Suppose g - 6*g = 35. Let x = 6 - g. Calculate the remainder when v is divided by x.
11
Calculate the remainder when 1025/13 + 20/130 is divided by 29.
21
Let j(z) = -z**3 + 10*z**2 - 16*z - 2. Calculate the remainder when j(7) is divided by 12.
9
Let c(o) = -2*o**2 - 6*o + 6. Let p be c(-5). What is the remainder when 2/4 + (-91)/p is divided by 4?
3
Let p = -1 + 4. Suppose p*a = 3, q = -4*a + 12 - 4. Suppose 0*v - 10 = -v. What is the remainder when v is divided by q?
2
Let h = 14 + -6. Let n = h + -6. Suppose -y = x - 15, -x = y - n*x - 5. Calculate the remainder when 19 is divided by y.
9
Let q(x) = x**3 + 5*x**2 - 2*x - 3. What is the remainder when 82 is divided by q(-3)?
19
Let t = 248 + -243. Let z be 1 + (0 + 1 - 1). What is the remainder when -13*((-2)/2)/z is divided by t?
3
Let d be 9/(-6)*4*2. Let q = -5 - d. Calculate the remainder when q is divided by 2.
1
Suppose -4*z + 2*u + 134 = 0, -2*z + u + 4*u + 63 = 0. What is the remainder when 101 is divided by z?
33
Suppose 5*x = -i - 4 + 9, 5*x - 5 = 5*i. Let f(c) = c**2 - c. Let j be f(x). Suppose 58 = 2*m - j. What is the remainder when m is divided by 15?
14
Suppose 4*w = -16, -3*w = -4*u + 394 - 30. What is the remainder when u is divided by 7?
4
Suppose -4*x + 127 = 71. What is the remainder when x is divided by 7?
0
Let m = 23 - 5. Suppose -a + m = a. What is the remainder when 33 is divided by a?
6
Let m = -15 - -19. Calculate the remainder when 18 is divided by m.
2
Let p be (-6)/(-4)*(-10)/(-3). Suppose -2*x - p*o = -2, -5*x + 3*o + 16 = -51. Suppose -3*s + 3 = -15. Calculate the remainder when x is divided by s.
5
Suppose -2*s = -0*s - 12. Suppose 0 = -z + 4*q + 37, -7*z + 3*z + 63 = q. Calculate the remainder when z is divided by s.
5
Let o = 15 + -8. Let k = -12 + 23. Calculate the remainder when k is divided by o.
4
What is the remainder when 11/(-1)*(-5 + 0) + -2 is divided by 28?
25
Let y = 8 - 5. Suppose -i + 3*s + 12 = 0, -2*i = y*i - 5*s - 40. What is the remainder when i*(51/9 + -2) is divided by 8?
6
Let q(p) = 5*p**2 - 8*p + 15. What is the remainder when q(3) is divided by 20?
16
Suppos